{"id":14,"date":"2018-07-06T14:58:45","date_gmt":"2018-07-06T12:58:45","guid":{"rendered":"http:\/\/dijon.mitropolia.eu\/?page_id=14"},"modified":"2022-11-07T10:17:10","modified_gmt":"2022-11-07T09:17:10","slug":"a-propos-de","status":"publish","type":"page","link":"http:\/\/dijon.mitropolia.eu\/index.php\/a-propos-de\/","title":{"rendered":"Notre histoire"},"content":{"rendered":"<p><strong>Parohia Sf\u00e2ntul Apostol \u0219i Evanghelist Ioan (8 mai) \u0219i Sf\u00e2ntul Benign (1 noiembrie)<\/strong><\/p>\n<p><strong>Hramul bisericii:<\/strong><\/p>\n<p><strong> 8 mai si 1 noiembrie<\/strong><\/p>\n\n\n<div class=\"wp-block-image\"><figure class=\"aligncenter\"><img decoding=\"async\" loading=\"lazy\" width=\"229\" height=\"303\" src=\"http:\/\/dijon.mitropolia.eu\/wp-content\/uploads\/2018\/09\/document_page10_image4.jpg\" alt=\"\" class=\"wp-image-100\" srcset=\"http:\/\/dijon.mitropolia.eu\/wp-content\/uploads\/2018\/09\/document_page10_image4.jpg 229w, http:\/\/dijon.mitropolia.eu\/wp-content\/uploads\/2018\/09\/document_page10_image4-227x300.jpg 227w\" sizes=\"(max-width: 229px) 85vw, 229px\" \/><\/figure><\/div>\n\n\n\n<p>Depuis l&rsquo;ann\u00e9e\u00a0 2020, nous sommes accueillis avec beaucoup de gentillesse et de bienveillance au centre Albert-Decourtray,\u00a0 qui rel\u00e8ve de la paroisse catholique du P\u00e8re Jean Lamblot.\u00a0 L\u2019actuel recteur de la paroisse roumaine (depuis 2021) est le P\u00e8re Silviu Gheorghiu, qui habite Besan\u00e7on, ce qui le rend plus facilement disponible que le P\u00e8re Florin Buca qui venait de Fontainebleau.<\/p>\n\n\n\n<p>Nous remercions de tout coeur Monseigneur l&rsquo;\u00e9v\u00e8que Antoine H\u00e9rouard, le P\u00e8re Jean Lamblot et tous les membres de la paroisse de cette ouverture \u00e0 l&rsquo;\u0153cum\u00e9nisme et de nous permettre de c\u00e9l\u00e9brer dans leur \u00e9glise.<\/p>\n\n\n\n<p>La liturgie est c\u00e9l\u00e9br\u00e9e en majorit\u00e9 en langue roumaine et en fran\u00e7aise.<\/p>\n\n\n\n<p>Fraternellement, encore Merci !<br><\/p>\n\n\n\n<blockquote class=\"wp-block-quote has-text-align-left is-style-default\"><p><font style=\"vertical-align: inherit;\"><font style=\"vertical-align: inherit;\">Cu binecuv\u00e2ntarea <\/font><\/font><strong><font style=\"vertical-align: inherit;\"><font style=\"vertical-align: inherit;\">\u00cenaltpreasfin\u021bitului P\u0103rinte Iosif<\/font><\/font><\/strong><font style=\"vertical-align: inherit;\"><font style=\"vertical-align: inherit;\"> , Mitropolitul Mitropoliei Ortodoxe Rom\u00e2ne a Europei Occidentale \u0219i Meridionale, in anul 2011 s-a creat Parohia Ortodox\u0103 din Dijon.<\/font><\/font><\/p><p><font style=\"vertical-align: inherit;\"><font style=\"vertical-align: inherit;\">Primul preot slujitor a fost p\u0103rintele <\/font><\/font><strong><font style=\"vertical-align: inherit;\"><font style=\"vertical-align: inherit;\">Daniel Oltean,\u00a0<\/font><\/font><\/strong><font style=\"vertical-align: inherit;\"><font style=\"vertical-align: inherit;\"> apoi al\u021bi preo\u021bi misionari din regiunea parizian\u0103 s-au str\u0103duit s\u0103 continue misiunea de a sluji lui Dumnezeu \u00een capitala Bourgogniei.<\/font><\/font><\/p><p><br><font style=\"vertical-align: inherit;\"><font style=\"vertical-align: inherit;\">\u00cencep\u00e2nd cu 15 mai 2016, t\u00e2n\u0103rul diacon <\/font><\/font><strong><font style=\"vertical-align: inherit;\"><font style=\"vertical-align: inherit;\">Ioan Filimon-Todoran<\/font><\/font><\/strong><font style=\"vertical-align: inherit;\"><font style=\"vertical-align: inherit;\"> este r\u00e2nduit preot slujitor al parohiei. Timp de doi ani prin rug\u0103ciune <\/font><\/font><em><font style=\"vertical-align: inherit;\"><font style=\"vertical-align: inherit;\">\u0219<\/font><\/font><\/em><font style=\"vertical-align: inherit;\"><font style=\"vertical-align: inherit;\">i activitate misionar\u0103 sus\u021binut\u0103 a contribuit la consolidarea comunit\u0103\u021bii \u00eengrijindu-se si de organizarea administrativ\u0103 a parohiei.<\/font><\/font><\/p><p><font style=\"vertical-align: inherit;\"><font style=\"vertical-align: inherit;\">Din mai 2018 p\u00e2n\u0103 \u00een ianuarie 2021 este r\u00e2nduit preot , <\/font><\/font><strong><font style=\"vertical-align: inherit;\"><font style=\"vertical-align: inherit;\">Florin Buca<\/font><\/font><\/strong><font style=\"vertical-align: inherit;\"><font style=\"vertical-align: inherit;\"> . <\/font><\/font><\/p><p><br>\u00cencep\u00e2nd cu data de 30 ianuarie 2021 este numit preot slujitor Silviu-Ioan Gheorghiu.<\/p><p><br><font style=\"vertical-align: inherit;\"><font style=\"vertical-align: inherit;\">Va a\u0219tept\u0103m cu drag la Sf\u00e2nta Liturghie,<\/font><\/font><\/p><p><br><font style=\"vertical-align: inherit;\"><font style=\"vertical-align: inherit;\">Preot Silviu-Ioan Gheorghiu<\/font><\/font><br><\/p><p><\/p><\/blockquote>\n","protected":false},"excerpt":{"rendered":"<p>Parohia Sf\u00e2ntul Apostol \u0219i Evanghelist Ioan (8 mai) \u0219i Sf\u00e2ntul Benign (1 noiembrie) Hramul bisericii: 8 mai si 1 noiembrie Depuis l&rsquo;ann\u00e9e\u00a0 2020, nous sommes accueillis avec beaucoup de gentillesse et de bienveillance au centre Albert-Decourtray,\u00a0 qui rel\u00e8ve de la paroisse catholique du P\u00e8re Jean Lamblot.\u00a0 L\u2019actuel recteur de la paroisse roumaine (depuis 2021) est &hellip; <a href=\"http:\/\/dijon.mitropolia.eu\/index.php\/a-propos-de\/\" class=\"more-link\">Continuer la lecture<span class=\"screen-reader-text\"> de &laquo;&nbsp;Notre histoire&nbsp;&raquo;<\/span><\/a><\/p>\n","protected":false},"author":1,"featured_media":0,"parent":0,"menu_order":0,"comment_status":"closed","ping_status":"closed","template":"","meta":[],"_links":{"self":[{"href":"http:\/\/dijon.mitropolia.eu\/index.php\/wp-json\/wp\/v2\/pages\/14"}],"collection":[{"href":"http:\/\/dijon.mitropolia.eu\/index.php\/wp-json\/wp\/v2\/pages"}],"about":[{"href":"http:\/\/dijon.mitropolia.eu\/index.php\/wp-json\/wp\/v2\/types\/page"}],"author":[{"embeddable":true,"href":"http:\/\/dijon.mitropolia.eu\/index.php\/wp-json\/wp\/v2\/users\/1"}],"replies":[{"embeddable":true,"href":"http:\/\/dijon.mitropolia.eu\/index.php\/wp-json\/wp\/v2\/comments?post=14"}],"version-history":[{"count":18,"href":"http:\/\/dijon.mitropolia.eu\/index.php\/wp-json\/wp\/v2\/pages\/14\/revisions"}],"predecessor-version":[{"id":779,"href":"http:\/\/dijon.mitropolia.eu\/index.php\/wp-json\/wp\/v2\/pages\/14\/revisions\/779"}],"wp:attachment":[{"href":"http:\/\/dijon.mitropolia.eu\/index.php\/wp-json\/wp\/v2\/media?parent=14"}],"curies":[{"name":"wp","href":"https:\/\/api.w.org\/{rel}","templated":true}]}}

<p><strong>Parohia Sfântul Apostol și Evanghelist Ioan (8 mai) și Sfântul Benign (1 noiembrie)</strong></p>
<p><strong>Hramul bisericii:</strong></p>
<p><strong> 8 mai si 1 noiembrie</strong></p>


<div class="wp-block-image"><figure class="aligncenter"><img decoding="async" loading="lazy" width="229" height="303" src="http://dijon.mitropolia.eu/wp-content/uploads/2018/09/document_page10_image4.jpg" alt="" class="wp-image-100" srcset="http://dijon.mitropolia.eu/wp-content/uploads/2018/09/document_page10_image4.jpg 229w, http://dijon.mitropolia.eu/wp-content/uploads/2018/09/document_page10_image4-227x300.jpg 227w" sizes="(max-width: 229px) 85vw, 229px" /></figure></div>



<p>Depuis l&rsquo;année  2020, nous sommes accueillis avec beaucoup de gentillesse et de bienveillance au centre Albert-Decourtray,  qui relève de la paroisse catholique du Père Jean Lamblot.  L’actuel recteur de la paroisse roumaine (depuis 2021) est le Père Silviu Gheorghiu, qui habite Besançon, ce qui le rend plus facilement disponible que le Père Florin Buca qui venait de Fontainebleau.</p>



<p>Nous remercions de tout coeur Monseigneur l&rsquo;évèque Antoine Hérouard, le Père Jean Lamblot et tous les membres de la paroisse de cette ouverture à l&rsquo;œcuménisme et de nous permettre de célébrer dans leur église.</p>



<p>La liturgie est célébrée en majorité en langue roumaine et en française.</p>



<p>Fraternellement, encore Merci !<br></p>



<blockquote class="wp-block-quote has-text-align-left is-style-default"><p><font style="vertical-align: inherit;"><font style="vertical-align: inherit;">Cu binecuvântarea </font></font><strong><font style="vertical-align: inherit;"><font style="vertical-align: inherit;">Înaltpreasfințitului Părinte Iosif</font></font></strong><font style="vertical-align: inherit;"><font style="vertical-align: inherit;"> , Mitropolitul Mitropoliei Ortodoxe Române a Europei Occidentale și Meridionale, in anul 2011 s-a creat Parohia Ortodoxă din Dijon.</font></font></p><p><font style="vertical-align: inherit;"><font style="vertical-align: inherit;">Primul preot slujitor a fost părintele </font></font><strong><font style="vertical-align: inherit;"><font style="vertical-align: inherit;">Daniel Oltean, </font></font></strong><font style="vertical-align: inherit;"><font style="vertical-align: inherit;"> apoi alți preoți misionari din regiunea pariziană s-au străduit să continue misiunea de a sluji lui Dumnezeu în capitala Bourgogniei.</font></font></p><p><br><font style="vertical-align: inherit;"><font style="vertical-align: inherit;">Începând cu 15 mai 2016, tânărul diacon </font></font><strong><font style="vertical-align: inherit;"><font style="vertical-align: inherit;">Ioan Filimon-Todoran</font></font></strong><font style="vertical-align: inherit;"><font style="vertical-align: inherit;"> este rânduit preot slujitor al parohiei. Timp de doi ani prin rugăciune </font></font><em><font style="vertical-align: inherit;"><font style="vertical-align: inherit;">ș</font></font></em><font style="vertical-align: inherit;"><font style="vertical-align: inherit;">i activitate misionară susținută a contribuit la consolidarea comunității îngrijindu-se si de organizarea administrativă a parohiei.</font></font></p><p><font style="vertical-align: inherit;"><font style="vertical-align: inherit;">Din mai 2018 până în ianuarie 2021 este rânduit preot , </font></font><strong><font style="vertical-align: inherit;"><font style="vertical-align: inherit;">Florin Buca</font></font></strong><font style="vertical-align: inherit;"><font style="vertical-align: inherit;"> . </font></font></p><p><br>Începând cu data de 30 ianuarie 2021 este numit preot slujitor Silviu-Ioan Gheorghiu.</p><p><br><font style="vertical-align: inherit;"><font style="vertical-align: inherit;">Va așteptăm cu drag la Sfânta Liturghie,</font></font></p><p><br><font style="vertical-align: inherit;"><font style="vertical-align: inherit;">Preot Silviu-Ioan Gheorghiu</font></font><br></p><p></p></blockquote>

<p>Parohia Sfântul Apostol și Evanghelist Ioan (8 mai) și Sfântul Benign (1 noiembrie) Hramul bisericii: 8 mai si 1 noiembrie Depuis l&rsquo;année  2020, nous sommes accueillis avec beaucoup de gentillesse et de bienveillance au centre Albert-Decourtray,  qui relève de la paroisse catholique du Père Jean Lamblot.  L’actuel recteur de la paroisse roumaine (depuis 2021) est &hellip; <a href="http://dijon.mitropolia.eu/index.php/a-propos-de/" class="more-link">Continuer la lecture<span class="screen-reader-text"> de &laquo;&nbsp;Notre histoire&nbsp;&raquo;</span></a></p>
